e (6/9)/(d/(-6)). Let h be ((-4)/(-4))/((-1)/o). Let f(z) = 3*z - 2. Determine f(h).
4
Let u(j) = -7*j**3 - 3*j**2 + j + 3. Let q(a) = -6*a**3 - 2*a**2 + a + 3. Let p(h) = -6*q(h) + 5*u(h). Give p(4).
9
Let p be (-2 - -8) + -1 + 1. Let y(r) = r**3 - 6*r**2 + 1. What is y(p)?
1
Suppose -3*m - o - 11 = 0, 5*m - m = 5*o - 40. Let x(z) = -z - 2. Give x(m).
3
Let i = 2 - 6. Let f(r) be the third derivative of -r**6/120 - r**5/12 - r**4/6 - r**3 - 12*r**2. Give f(i).
-6
Let o(r) = 2*r**2 - 2*r + 1. Let z(t) = -t**2 - 5*t + 7. Let g be z(-6). Calculate o(g).
1
Let l(n) = -17*n**2 - 20*n + 11. Let t(v) = -6*v**2 - 7*v + 4. Let y(p) = 4*l(p) - 11*t(p). Suppose 0 = -5*d - u - 13, 4*u - u = 3*d - 3. Give y(d).
-2
Let r(l) be the second derivative of -2*l**3/3 + l**2 + 3*l. Let s be r(2). Let g(o) = -o**3 - 7*o**2 - 6*o + 4. Determine g(s).
4
Let b(l) = 6*l**2 + 2*l + 3*l**2 - 1 - 12*l**2. Let d(o) = -o - 2. Let s be d(-4). Give b(s).
-9
Let n(q) = q**3 - 4*q**2 + 7. Let a(u) = u**3 - 4*u**2 + 8. Let m(t) = 6*a(t) - 7*n(t). Give m(3).
8
Let p(r) = -r**3 - 4*r**2 - 4*r - 2. Let l(t) = -t + 13. Let c(u) = -2*u + 27. Let a(h) = 4*c(h) - 9*l(h). Let i be a(6). Give p(i).
1
Let i(a) = 4 - 2 + a + 5 - 4. Calculate i(-4).
-1
Let l(m) = m**3 - 2*m + 2. Let y(o) = o**3 + o**2 - 3*o + 2. Let p(k) = 3*l(k) - 4*y(k). Determine p(-5).
-7
Let d(t) = -3 - t - 6 + 9 - 2. What is d(-2)?
0
Let w(v) = -3*v**2 - 3*v + 1. Let f(x) = x**2 + 1. Let u(c) = 2*f(c) + w(c). Calculate u(-5).
-7
Let d(u) = u - 12. Let h(l) = -l**2 + 10*l + 6. Let b be h(10). Determine d(b).
-6
Suppose -367 = -4*p - 363. Let g(a) = -a**3 - a**2 - 1. Let s(u) = -u**2 + 5*u**3 - 6*u**3 - 4 - 5*u**3. Let o(b) = 3*g(b) - s(b). Give o(p).
2
Let z(u) = u**2 + 3*u + 3. Suppose -2*v - 4 = -0. Let x be (10 + 6/(-3))/v. Determine z(x).
7
Suppose 0*j - 9 = -3*j. Let z(n) = -j - n + 0 + 0. Determine z(-5).
2
Let q(p) = p - 1. Let d(m) = 2*m - 5. Let o(g) = d(g) - 5*q(g). Give o(1).
-3
Let v(i) = -i**3 - 5*i**2 + 8*i + 9. Let a be (4 + -1)*-1 + 0 + -3. What is v(a)?
-3
Let a = -2/81 - -29/81. Let q(k) be the first derivative of 2*k**2 + 2 - k + a*k**3. Calculate q(-5).
4
Let k(u) = -2*u - 4. Let j(i) be the third derivative of -i**4/24 + i**3/6 + i**2. Let f be 46/14 - (-26)/(-91) - -2. Let m be j(f). What is k(m)?
4
Let u(m) = m**2 - 11*m - 1. Let j be u(11). Let r(l) = -5*l + 1. Give r(j).
6
Suppose 0*l + 5 = l + 4*f, 3*l - 2 = f. Suppose 3*c = -7 + l. Let g(h) = -h + 2. What is g(c)?
4
Suppose 6*g = g. Suppose g = 5*x + 1 - 11. Let t(z) = 0*z**2 + 6*z**x - 2*z**2 + z**3 + z. Calculate t(-3).
6
Let b(k) = -3*k**2 - 11*k - 22. Let f(h) = -2*h**2 - 7*h - 15. Let o(u) = -5*b(u) + 7*f(u). Determine o(-4).
-3
Let z(o) be the first derivative of 2*o**3/3 + o**2/2 - 2*o - 1. Let g be z(-2). Let n(c) = -g - c**2 + 0 + 4*c + c. Calculate n(5).
-4
Let f(m) = -m + 0*m**2 - 2 + 0*m + m**2. What is f(3)?
4
Let w(s) = 7*s**2 + 6*s + 6. Let l(x) = -8*x**2 - 7*x - 7. Let g(r) = 6*l(r) + 7*w(r). Calculate g(0).
0
Let n(l) = -2*l + l - 8*l**2 + 1 + 0*l. Suppose 4*x - 12 = 4*m + 12, 0 = 5*m + 25. What is n(x)?
-8
Let d(p) = p + 1. Let n be d(-3). Let c be 3/(-2)*n/3. Let q(x) be the first derivative of 7*x**3/3 + x**2/2 - x + 1. Determine q(c).
7
Let y be ((-4)/(-4))/(3/(-6)). Let f be y/4*(10 - -4). Let w(o) = o**2 + 9*o + 10. Calculate w(f).
-4
Let i(v) = -v**2 - 5*v + 5. Let c be i(-5). Suppose 3*b = 8*b + c. Let x(f) = -8*f + 1. Determine x(b).
9
Let a(s) = s**2 + 3. Let d be (-1 + 1)/(10/5). Give a(d).
3
Let r(g) be the first derivative of -g**4/4 + g**3 + 2*g**2 - 5*g + 23. Suppose 6*f - f - 5 = -3*j, 2*f + j = 3. What is r(f)?
-5
Let g(f) = f**2 + 8*f + 2. Let v = 12 - -8. Suppose -v = s + 4*s. Give g(s).
-14
Let j(m) be the second derivative of m**4/12 - m**3 + m**2/2 + 2*m. Let g(k) be the first derivative of j(k). Calculate g(5).
4
Let i = -80 + 83. Let h(t) = -t**3 + 3*t**2 - 3*t + 2. Give h(i).
-7
Let r(x) = -x + 12. Suppose -17 = -2*z + t, -z + 4*t = -0*z - 26. Determine r(z).
6
Let x(p) be the third derivative of p**5/15 + p**4/24 + p**3/6 - 4*p**2. Give x(-1).
4
Suppose -4*k - k = 0. Let b(y) be the first derivative of y**4/4 - y**2/2 + 3*y - 8. What is b(k)?
3
Let m(l) = -9*l - 11*l + 21*l. Determine m(-4).
-4
Let c(p) = -p**3 - 4*p**2 + p. Let y be -2*(-1)/(-2) - (2 + -1). Determine c(y).
-10
Suppose 0*o + r = -2*o - 7, -4*r = -20. Let l = -3 - o. Let f(s) = -4 - l*s - s + s - s**2 - s. Calculate f(-5).
-9
Let s be (-4)/6*9/12*-4. Let g(t) be the third derivative of t**4/24 + t**3/3 - t**2. Calculate g(s).
4
Let o(i) be the first derivative of i**4/4 - 2*i**3 + 3*i + 4. Calculate o(6).
3
Suppose 0*x - 6 = x. Let v(f) = f**3 + 5*f**2 - 6*f + 5. What is v(x)?
5
Suppose 1 = 5*r - 5*w - 14, 5*w + 15 = 3*r. Let p be (8/2)/(-1 + 3). Let d(y) = 4 + 0 + y**p - 3. Calculate d(r).
1
Suppose 6*i - 6 = 3*i. Let m be (-4)/10 - i/(-5). Let y(g) = 0 - 1 + 0 + m*g - g. Determine y(-1).
0
Let a(f) = 6*f**3 - 5*f**2 + 2*f + 6. Let n(k) = 7*k**3 - 5*k**2 + 2*k + 7. Let z(o) = -6*a(o) + 5*n(o). Suppose c + 2*c - 15 = 0. Give z(c).
-11
Let b(t) = -t**2 + 5*t + 3. Let z be b(5). Suppose 5*n + 10 = z*n. Let g be (2/10)/(n/(-25)). Let x(h) = -4*h + 1. What is x(g)?
-3
Let x(l) = -l. Let k(f) = 3*f + 5. Let b(m) = -k(m) - 2*x(m). Calculate b(-3).
-2
Let l(a) = 9*a + 2. Let i(m) = 16*m + 4. Let y(j) = -3*i(j) + 5*l(j). What is y(-5)?
13
Let c = -9 - 10. Let n = c + 14. Let q(w) = w**2 + 7*w + 3. Give q(n).
-7
Let q(w) = 1 - 2*w - 3*w + 2*w - 4*w. Calculate q(-1).
8
Let q(a) = -1080*a - 5*a**2 + 1080*a - 1. Let h be (-2)/(-4)*(1 - 3). Give q(h).
-6
Suppose 5*u = u + 12. Suppose -2*l - u = -1. Let f(c) = -6*c**3 - 1 - 2*c + c**2 - c**2. Calculate f(l).
7
Let f(m) = -m**3 - m**2 + m - 3. Let a be f(0). Let r(u) be the second derivative of -u**3/6 - 2*u**2 + 4*u. Calculate r(a).
-1
Let m(b) = 4 + 2 - 3 + 8*b. What is m(-2)?
-13
Let y = 12 + -37. Let g be (8/(-10))/(5/y). Suppose -1 + g = 3*t. Let d(a) = 2*a**2 - 1. Give d(t).
1
Let p = 11 + -9. Let m(t) = t**2 - 2. Determine m(p).
2
Let w(x) = x**3 + 10*x**2 + 3. Let k be w(-10). Let y be ((-2)/4)/(2/8). Let i = y + k. Let j(f) = 9*f**3 + f**2 - f + 1. What is j(i)?
10
Suppose -2*q = q + x - 20, 5*q - 45 = -4*x. Let r(t) = -t + 6. Calculate r(q).
1
Let w = -7 - -2. Let a(n) = -n - 3. Determine a(w).
2
Let j = 5 - -3. Let t be j/3 - 1/(-3). Let x(v) be the third derivative of -v**6/120 + v**5/30 + v**4/24 + v**3/2 + 5*v**2. Determine x(t).
-3
Let l be 0 + 0 + 0 + -1. Let k(a) be the first derivative of 3*a**2/2 - a - 119. What is k(l)?
-4
Let p(x) = 8*x + 3 - 2*x**2 + x**2 - 8. Determine p(5).
10
Let z(k) = -k**2 + k - 4. Let v(q) = -q**2 + q - 3. Let g(r) = 3*v(r) - 4*z(r). What is g(0)?
7
Let m(g) = -3 - 4*g**2 + 0*g**2 + 5*g**2 - 2*g. Determine m(3).
0
Let u(i) = i**2 + 0*i**2 + 0*i**2 - 21 + 20. Suppose -16 = -4*g - 4. Calculate u(g).
8
Suppose -4*r + 14*r = 80. Let w(p) = p**2 - 11*p + 11. Give w(r).
-13
Let g(k) = k**2 + k - 1. Suppose 0 = 3*m - 5*c + 45, c + 5 = m + 6*c. Let w be 2/m + (-76)/20. Calculate g(w).
11
Let l(o) = o**2 + 6*o + 5. Let r be (-8 - -4)/(-2 - -3). Give l(r).
-3
Let q(g) = -g**2 + 3*g + 1. Suppose j + 0*j = 0. Let v be -7*(-1)/(-2)*-2. Suppose j = 3*m - v*m + 12. Determine q(m).
1
Let y(d) be the second derivative of -d**7/840 + 7*d**6/360 - d**5/20 + d**4/6 - d**3/2 - d. Let k(p) be the second derivative of y(p). Give k(6).
4
Let q(o) = -o**2 - 5*o - 4. Let a be q(-3). Suppose -5*r - 2*c + 40 = 2*c, 0 = 2*r - 5*c + 17. Let x(f) = 2*f - 3 + r - 6*f + a*f. Calculate x(-2).
5
Let h(m) = 2*m**2 + m. Let q = 33 - 32. What is h(q)?
3
Suppose -3*t + 5*w - 3*w = -2, 1 = -w. Let k(h) = h - 5. Let a be k(7). Suppose t = -a*x + x. Let n(c) = c**2 - c - 6. Calculate n(x).
-6
Let l(z) = 2 + 4*z**2 + 0 - 8*z**3 + 7*z**3 - z. Let i be l(4). Let w(c) = -c**3 - c**2 - 2*c. Determine w(i).
8
Let f(t) = -13*t - 1. Suppose 10 = 3*c + i, -3*c + 4*i - 1 = -6. Let q be ((-6)/(c/1))/2. Calculate f(q).
12
Let h(d) = 0 + 2 - d**2 + d - 6*d. Let j be h(-5). Let w(g) = 3*g + 4. Let t(q) = -2*q - 3. Let s(z) = -4*t(z) - 3*w(z). Determine s(j).
-2
Suppose 6*a + 10 = a. Let c be -10*a/4*-1. Let k(m) = -3*m - 6. Give k(c).
9
Let v(i) = -i**2 + 6*i - 6. Let u(b) = b**3 + 8*b**2 + 8*b. Let t b